{"id":123,"date":"2020-03-21T10:02:10","date_gmt":"2020-03-21T09:02:10","guid":{"rendered":"https:\/\/osk-ar.pl\/?page_id=123"},"modified":"2021-03-26T10:43:23","modified_gmt":"2021-03-26T09:43:23","slug":"egzamin","status":"publish","type":"page","link":"https:\/\/osk-ar.pl\/index.php\/egzamin\/","title":{"rendered":"Egzamin"},"content":{"rendered":"\t\t<div data-elementor-type=\"wp-page\" data-elementor-id=\"123\" class=\"elementor elementor-123\" data-elementor-post-type=\"page\">\n\t\t\t\t\t\t<section class=\"elementor-section elementor-top-section elementor-element elementor-element-576f7cf elementor-section-stretched elementor-section-boxed elementor-section-height-default elementor-section-height-default\" data-id=\"576f7cf\" data-element_type=\"section\" data-settings=\"{&quot;stretch_section&quot;:&quot;section-stretched&quot;}\">\n\t\t\t\t\t\t<div class=\"elementor-container elementor-column-gap-default\">\n\t\t\t\t\t<div class=\"elementor-column elementor-col-100 elementor-top-column elementor-element elementor-element-8fb1e7d\" data-id=\"8fb1e7d\" data-element_type=\"column\">\n\t\t\t<div class=\"elementor-widget-wrap elementor-element-populated\">\n\t\t\t\t\t\t<div class=\"elementor-element elementor-element-bf36a44 elementor-widget-divider--view-line elementor-widget elementor-widget-divider\" data-id=\"bf36a44\" data-element_type=\"widget\" data-widget_type=\"divider.default\">\n\t\t\t\t<div class=\"elementor-widget-container\">\n\t\t\t\t\t\t\t<div class=\"elementor-divider\">\n\t\t\t<span class=\"elementor-divider-separator\">\n\t\t\t\t\t\t<\/span>\n\t\t<\/div>\n\t\t\t\t\t\t<\/div>\n\t\t\t\t<\/div>\n\t\t\t\t\t<\/div>\n\t\t<\/div>\n\t\t\t\t\t<\/div>\n\t\t<\/section>\n\t\t\t\t<section class=\"elementor-section elementor-top-section elementor-element elementor-element-440e6d6 elementor-section-stretched elementor-section-boxed elementor-section-height-default elementor-section-height-default\" data-id=\"440e6d6\" data-element_type=\"section\" data-settings=\"{&quot;stretch_section&quot;:&quot;section-stretched&quot;}\">\n\t\t\t\t\t\t<div class=\"elementor-container elementor-column-gap-default\">\n\t\t\t\t\t<div class=\"elementor-column elementor-col-50 elementor-top-column elementor-element elementor-element-deb2082\" data-id=\"deb2082\" data-element_type=\"column\">\n\t\t\t<div class=\"elementor-widget-wrap elementor-element-populated\">\n\t\t\t\t\t\t<div class=\"elementor-element elementor-element-ebe570e elementor-widget elementor-widget-image\" data-id=\"ebe570e\" data-element_type=\"widget\" data-widget_type=\"image.default\">\n\t\t\t\t<div class=\"elementor-widget-container\">\n\t\t\t\t\t\t\t\t\t\t\t\t\t\t\t<img decoding=\"async\" width=\"296\" height=\"138\" src=\"https:\/\/osk-ar.pl\/wp-content\/uploads\/2020\/03\/egzamin.jpg\" class=\"attachment-large size-large wp-image-195\" alt=\"\" \/>\t\t\t\t\t\t\t\t\t\t\t\t\t\t\t<\/div>\n\t\t\t\t<\/div>\n\t\t\t\t<div class=\"elementor-element elementor-element-6c486af elementor-widget elementor-widget-spacer\" data-id=\"6c486af\" data-element_type=\"widget\" data-widget_type=\"spacer.default\">\n\t\t\t\t<div class=\"elementor-widget-container\">\n\t\t\t\t\t\t\t<div class=\"elementor-spacer\">\n\t\t\t<div class=\"elementor-spacer-inner\"><\/div>\n\t\t<\/div>\n\t\t\t\t\t\t<\/div>\n\t\t\t\t<\/div>\n\t\t\t\t<div class=\"elementor-element elementor-element-abe0c55 elementor-widget elementor-widget-spacer\" data-id=\"abe0c55\" data-element_type=\"widget\" data-widget_type=\"spacer.default\">\n\t\t\t\t<div class=\"elementor-widget-container\">\n\t\t\t\t\t\t\t<div class=\"elementor-spacer\">\n\t\t\t<div class=\"elementor-spacer-inner\"><\/div>\n\t\t<\/div>\n\t\t\t\t\t\t<\/div>\n\t\t\t\t<\/div>\n\t\t\t\t<div class=\"elementor-element elementor-element-16a265e elementor-widget elementor-widget-spacer\" data-id=\"16a265e\" data-element_type=\"widget\" data-widget_type=\"spacer.default\">\n\t\t\t\t<div class=\"elementor-widget-container\">\n\t\t\t\t\t\t\t<div class=\"elementor-spacer\">\n\t\t\t<div class=\"elementor-spacer-inner\"><\/div>\n\t\t<\/div>\n\t\t\t\t\t\t<\/div>\n\t\t\t\t<\/div>\n\t\t\t\t<div class=\"elementor-element elementor-element-53f3782 elementor-widget elementor-widget-spacer\" data-id=\"53f3782\" data-element_type=\"widget\" data-widget_type=\"spacer.default\">\n\t\t\t\t<div class=\"elementor-widget-container\">\n\t\t\t\t\t\t\t<div class=\"elementor-spacer\">\n\t\t\t<div class=\"elementor-spacer-inner\"><\/div>\n\t\t<\/div>\n\t\t\t\t\t\t<\/div>\n\t\t\t\t<\/div>\n\t\t\t\t<div class=\"elementor-element elementor-element-63ad09c elementor-widget elementor-widget-spacer\" data-id=\"63ad09c\" data-element_type=\"widget\" data-widget_type=\"spacer.default\">\n\t\t\t\t<div class=\"elementor-widget-container\">\n\t\t\t\t\t\t\t<div class=\"elementor-spacer\">\n\t\t\t<div class=\"elementor-spacer-inner\"><\/div>\n\t\t<\/div>\n\t\t\t\t\t\t<\/div>\n\t\t\t\t<\/div>\n\t\t\t\t<div class=\"elementor-element elementor-element-40ffc2e elementor-widget elementor-widget-spacer\" data-id=\"40ffc2e\" data-element_type=\"widget\" data-widget_type=\"spacer.default\">\n\t\t\t\t<div class=\"elementor-widget-container\">\n\t\t\t\t\t\t\t<div class=\"elementor-spacer\">\n\t\t\t<div class=\"elementor-spacer-inner\"><\/div>\n\t\t<\/div>\n\t\t\t\t\t\t<\/div>\n\t\t\t\t<\/div>\n\t\t\t\t<div class=\"elementor-element elementor-element-9166e0f elementor-widget elementor-widget-spacer\" data-id=\"9166e0f\" data-element_type=\"widget\" data-widget_type=\"spacer.default\">\n\t\t\t\t<div class=\"elementor-widget-container\">\n\t\t\t\t\t\t\t<div class=\"elementor-spacer\">\n\t\t\t<div class=\"elementor-spacer-inner\"><\/div>\n\t\t<\/div>\n\t\t\t\t\t\t<\/div>\n\t\t\t\t<\/div>\n\t\t\t\t<div class=\"elementor-element elementor-element-6d80981 elementor-widget elementor-widget-text-editor\" data-id=\"6d80981\" data-element_type=\"widget\" data-widget_type=\"text-editor.default\">\n\t\t\t\t<div class=\"elementor-widget-container\">\n\t\t\t\t\t\t\t\t\t<h3><strong style=\"font-size: 1.375rem; font-family: var( --e-global-typography-text-font-family );\">GDY NIE ZDASZ EGZAMINU<\/strong><\/h3>\t\t\t\t\t\t\t\t<\/div>\n\t\t\t\t<\/div>\n\t\t\t\t\t<\/div>\n\t\t<\/div>\n\t\t\t\t<div class=\"elementor-column elementor-col-50 elementor-top-column elementor-element elementor-element-2b5dce9\" data-id=\"2b5dce9\" data-element_type=\"column\">\n\t\t\t<div class=\"elementor-widget-wrap elementor-element-populated\">\n\t\t\t\t\t\t<div class=\"elementor-element elementor-element-81a4f64 elementor-widget elementor-widget-text-editor\" data-id=\"81a4f64\" data-element_type=\"widget\" data-widget_type=\"text-editor.default\">\n\t\t\t\t<div class=\"elementor-widget-container\">\n\t\t\t\t\t\t\t\t\t<p>Podstaw\u0105 do uzyskania prawa jazdy jest uzyskanie pozytywnych wynik\u00f3w z egzaminu teoretycznego i praktycznego.<\/p>\t\t\t\t\t\t\t\t<\/div>\n\t\t\t\t<\/div>\n\t\t\t\t<div class=\"elementor-element elementor-element-65bbfd5 elementor-widget elementor-widget-text-editor\" data-id=\"65bbfd5\" data-element_type=\"widget\" data-widget_type=\"text-editor.default\">\n\t\t\t\t<div class=\"elementor-widget-container\">\n\t\t\t\t\t\t\t\t\t<h3><strong>EGZAMIN TEORETYCZNY<\/strong><\/h3>\t\t\t\t\t\t\t\t<\/div>\n\t\t\t\t<\/div>\n\t\t\t\t<div class=\"elementor-element elementor-element-051be01 elementor-widget elementor-widget-text-editor\" data-id=\"051be01\" data-element_type=\"widget\" data-widget_type=\"text-editor.default\">\n\t\t\t\t<div class=\"elementor-widget-container\">\n\t\t\t\t\t\t\t\t\t<p>Egzamin teoretyczny na prawo jazdy kategorii B, przeprowadzany jest w Wojew\u00f3dzkim O\u015brodku Ruchu Drogowego przez egzaminatora WORD. Pozytywny wynik egzaminu teoretycznego jest koniecznym warunkiem umo\u017cliwiaj\u0105cym do przyst\u0105pienia egzaminu praktycznego.<\/p><p>Rozpoczyna si\u0119 on, od sprawdzenia to\u017csamo\u015bci uczestnik\u00f3w oraz zgodno\u015bci danych osobowych w dowodzie osobistym, paszporcie lub karcie pobytu z danymi zawartymi w systemie komputerowym WORDu i na li\u015bcie os\u00f3b zakwalifikowanych oraz przydziela egzaminowanym osobom stanowiska komputerowe, podaj\u0105c ich numer.<\/p><p>Egzaminator wyja\u015bnia szczeg\u00f3\u0142owe zasady egzaminu, podaj\u0105c:<\/p><ul><li>zakres, form\u0119 i czas trwania,<\/li><li>kryteria oceny egzaminu,<\/li><li>spos\u00f3b udzielania odpowiedzi i dokonywania poprawek,<\/li><li>informacj\u0119 o zakazie pos\u0142ugiwania si\u0119 wszelkimi pomocami (np. \u015bci\u0105gami) b\u0105d\u017a opuszczania sali bez zgody egzaminatora pod rygorem przerwania egzaminu oraz uzyskania wyniku negatywnego.<\/li><\/ul><p>Egzamin teoretyczny przeprowadzany jest w formie testu z u\u017cyciem komputerowego programu egzaminacyjnego i sprz\u0119tu w postaci komputera, monitora. Egzamin polega na udzieleniu poprawnych odpowiedzi na 32 pytania wylosowane przez system komputerowy. Udzielenie odpowiedzi na pytanie zawarte w te\u015bcie, polega na wyborze prawid\u0142owej odpowiedzi z po\u015br\u00f3d propozycji oznaczonych TAK lub NIE oraz literami A,B,C. Jest to test jednokrotnego wyboru. Oznacza to, \u017ce odpowied\u017a prawid\u0142owa mo\u017ce by\u0107 tylko jedna. B\u0142\u0119dem jest wyb\u00f3r niew\u0142a\u015bciwej odpowiedzi lub nie udzielenie odpowiedzi na zadane pytanie.<\/p><p><strong>Egzamin teoretyczny trwa 25 minut.<\/strong><\/p><p>Zakres egzaminu:<\/p><p>Egzamin teoretyczny jest przeprowadzany przy pomocy komputera i wskazaniu, prawid\u0142owej odpowiedzi na wy\u015bwietlane pytanie, zawarte w katalogu pyta\u0144 w czasie rzeczywistym. Oznacza to \u017ce na ka\u017cde pytanie, osobie egzaminowanej przys\u0142uguje odpowiedni czas, w zale\u017cno\u015bci od stopnia trudno\u015bci pytania.<\/p><p>a) 20 pyta\u0144 z wiedzy podstawowej w tym:<\/p><p>10 pyta\u0144 o wysokim znaczeniu dla bezpiecze\u0144stwa ruchu drogowego<br \/>6 pyta\u0144 o \u015brednim znaczeniu dla bezpiecze\u0144stwa ruchu drogowego<br \/>4 pytania o ma\u0142ym znaczeniu dla bezpiecze\u0144stwa ruchu drogowego<\/p><p>b) 12 pyta\u0144 z wiedzy specjalistycznej w zakresie poszczeg\u00f3lnych kategorii prawa jazdy w tym:<\/p><p>6 pyta\u0144 o wysokim znaczeniu dla bezpiecze\u0144stwa ruchu drogowego<br \/>4 pytania o \u015brednim znaczeniu dla bezpiecze\u0144stwa ruchu drogowego<br \/>2 pytania o ma\u0142ym znaczeniu dla bezpiecze\u0144stwa ruchu drogowego<\/p><p>Ka\u017cde pytanie posiada jedna prawid\u0142ow\u0105 odpowied\u017a i jest odpowiednio punktowane wg wzoru:<\/p><p>1 punkt za pytanie o niskim znaczeniu dla bezpiecze\u0144stwa ruchu drogowego<br \/>2 punkty za pytanie o \u015brednim znaczeniu dla bezpiecze\u0144stwa ruchu drogowego<br \/>3 punkty za pytanie o wysokim znaczeniu dla bezpiecze\u0144stwa ruchu drogowego<\/p><p>Osoba egzaminowana mo\u017ce poprawi\u0107 wybran\u0105 odpowied\u017a, ale tylko do momentu zatwierdzenia tego pytania i przej\u015bcia do nast\u0119pnego pytania lub do chwili zako\u0144czenia czasu przeznaczonego na to pytanie. Ca\u0142kowita suma punkt\u00f3w, mo\u017cliwych do zdobycia w cz\u0119\u015bci teoretycznej egzaminu wynosi <strong>74 punkty<\/strong>. Osoba egzaminowana, uzyskuje pozytywny wynik egzaminu, je\u015bli uzyska co najmniej <strong>68 punkt\u00f3w<\/strong>.<\/p><p>Przez ca\u0142y czas trwania egzaminu, na ekranie monitora pokazywany jest czas, jaki pozosta\u0142 do ko\u0144ca testu. S\u0105 tak\u017ce widoczne pola z numerami pyta\u0144.<\/p><p>Nale\u017cy pami\u0119ta\u0107, \u017ce takie samo zdj\u0119cie lub schematyczny rysunek mo\u017ce wyst\u0105pi\u0107 z r\u00f3\u017cnymi pytaniami i odpowiedziami. Nale\u017cy zatem zawsze i bezwzgl\u0119dnie czyta\u0107 dok\u0142adnie pytania i odpowiedzi, zwracaj\u0105c uwag\u0119 na ka\u017cde s\u0142owo. Niejednokrotnie o prawid\u0142owym rozwi\u0105zaniu pytania, decyduje gra s\u0142\u00f3w i niuanse interpretacji przepis\u00f3w ruchu drogowego.<\/p><p>Po zako\u0144czeniu egzaminu, jego wyniki s\u0105 przesy\u0142ane do biura obs\u0142ugi WORDu, a osoby, kt\u00f3re zda\u0142y egzamin z wynikiem pozytywnym, umawiaj\u0105 si\u0119 na\u00a0 na egzamin praktyczny.<\/p>\t\t\t\t\t\t\t\t<\/div>\n\t\t\t\t<\/div>\n\t\t\t\t<div class=\"elementor-element elementor-element-80aff82 elementor-widget elementor-widget-text-editor\" data-id=\"80aff82\" data-element_type=\"widget\" data-widget_type=\"text-editor.default\">\n\t\t\t\t<div class=\"elementor-widget-container\">\n\t\t\t\t\t\t\t\t\t<h3><strong>EGZAMIN PRAKTYCZNY<\/strong><\/h3>\t\t\t\t\t\t\t\t<\/div>\n\t\t\t\t<\/div>\n\t\t\t\t<div class=\"elementor-element elementor-element-cc42ee9 elementor-widget elementor-widget-text-editor\" data-id=\"cc42ee9\" data-element_type=\"widget\" data-widget_type=\"text-editor.default\">\n\t\t\t\t<div class=\"elementor-widget-container\">\n\t\t\t\t\t\t\t\t\t<p>Egzamin praktyczny odbywa si\u0119 w poje\u017adzie specjalnie oznakowanym, wyposa\u017conym w dodatkowy peda\u0142 hamulca dla egzaminatora oraz kamer\u0119 rejestruj\u0105c\u0105 przebieg egzaminu.<\/p><p><strong>Egzamin praktyczny sk\u0142ada si\u0119 z dw\u00f3ch cz\u0119\u015bci:<\/strong><\/p><p>CZ\u0118\u015a\u0106 I \u2013 jest przeprowadzana na placu manewrowym i obejmuje sprawdzenie umiej\u0119tno\u015bci wykonywania podstawowych manewr\u00f3w i poruszania si\u0119 pojazdem.<\/p><p>Zadania egzaminacyjne na prawo jazdy kategorii B na placu manewrowym:<\/p><p>1. Przygotowanie pojazdu do jazdy. Sprawdzenie stanu technicznego podstawowych element\u00f3w pojazdu odpowiedzialnych za bezpiecze\u0144stwo jazdy \u2013 osoba egzaminowana musi sprawdzi\u0107:<\/p><p>Poziom oleju w silniku,<br \/>Poziom p\u0142ynu ch\u0142odz\u0105cego<br \/>Poziom p\u0142ynu hamulcowego<br \/>Poziom p\u0142ynu w spryskiwaczach<br \/>Dzia\u0142anie sygna\u0142u d\u017awi\u0119kowego<br \/>Dzia\u0142anie \u015bwiate\u0142 zewn\u0119trznych pojazdu<\/p><p>2. W\u0142a\u015bciwe ustawienie fotela, lusterek, zag\u0142\u00f3wk\u00f3w, zapi\u0119cie pas\u00f3w bezpiecze\u0144stwa w lewym lusterku kierowca powinien widzie\u0107 lewy bok pojazdu i lewy obszar przestrzeni za pojazdem,w prawym lusterku kierowca powinien widzie\u0107 prawy bok pojazdu i prawy obszar przestrzeni za pojazdem,zag\u0142\u00f3wki powinny by\u0107 ustawione na wysoko\u015bci g\u0142owy.<\/p><p>3. Upewnienie si\u0119 o mo\u017cliwo\u015bci jazdy, wykluczenie prawdopodobie\u0144stwa spowodowania zagro\u017cenia w ruchu drogowym, ocena sytuacji wok\u00f3\u0142 pojazdu.<\/p><p>4. P\u0142ynne ruszenie samochodem<br \/>opuszczenie d\u017awigni hamulca awaryjnego,<br \/>\u0142agodne puszczenie sprz\u0119g\u0142a, zwi\u0119kszenie obrot\u00f3w silnika.<\/p><p>5. P\u0142ynna jazda pasem ruchu do przodu i do ty\u0142u (w czasie jazdy obserwacja toru jazdy samochodu przez tyln\u0105 szyb\u0119 pojazdu i lusterka)<\/p><p>a) nieprzeje\u017cd\u017canie przez linie i nienaje\u017cd\u017canie na kraw\u0119\u017cniki, pacho\u0142ki i tyczki ograniczaj\u0105ce pas<br \/>b) zatrzymanie pojazdu przed ko\u0144cem i pocz\u0105tkiem pasa w wyznaczonym polu zatrzymania pojazdu.<\/p><p>6. Ruszanie z miejsca do przodu na wzniesieniu<\/p><p>a) przy ruszaniu pojazd nie powinien cofn\u0105\u0107 si\u0119 wi\u0119cej ni\u017c 0,2 m, a silnik nie powinien zgasn\u0105\u0107,<br \/>b) osoba egzaminowana w trakcie wykonywania tego manewru po zatrzymaniu pojazdu na wzniesieniu zaci\u0105ga hamulec awaryjny, a nast\u0119pnie rusza do przodu zwalniaj\u0105c go.<\/p><p><strong>CZ\u0118\u015a\u0106 II<\/strong> \u2013 jest przeprowadzana na drogach publicznych i sprawdza umiej\u0119tno\u015bci bezpiecznego zachowania si\u0119 w ruchu drogowym.<\/p><p>Zadania, kt\u00f3re kursant musi wykona\u0107 s\u0105 nast\u0119puj\u0105ce:<\/p><p>1) wjazd na drog\u0119 z obiektu przydro\u017cnego,<\/p><p>2) jazda drogami dwukierunkowymi jedno \u2013 i dwujezdniowymi: o r\u00f3\u017cnej liczbie wyznaczonych i niewyznaczonych pas\u00f3w ruchu, posiadaj\u0105cymi odcinki proste, \u0142uki, wzniesienia, spadki, obni\u017cone i podwy\u017cszone dopuszczalne pr\u0119dko\u015bci,<\/p><p>3) jazda drogami jednokierunkowymi,<\/p><p>4) przejazd przez skrzy\u017cowania:<\/p><p>a) r\u00f3wnorz\u0119dne,<br \/>b) oznakowane znakami ustalaj\u0105cymi pierwsze\u0144stwo przejazdu (znak A7, B20,D1, itd.),<br \/>c) z sygnalizacj\u0105 \u015bwietln\u0105,<br \/>d) na kt\u00f3rych ruch odbywa si\u0119 wok\u00f3\u0142 wyspy,<br \/>e) dwupoziomowe<\/p><p>5) przejazd przez przej\u015bcia dla pieszych,<\/p><p>6) parkowanie prostopad\u0142e lub sko\u015bne lub parkowanie pomi\u0119dzy dwoma pojazdami,<\/p><p>7) zawracanie na drodze jedno jezdniowej \u2013 dwukierunkowej (zawracanie musi si\u0119 odby\u0107 przy u\u017cyciu<\/p><p>biegu wstecznego),<\/p><p>8) manewry wyprzedzania, omijania, wymijania,<\/p><p>9) zmiana pasa ruchu i kierunku jazdy w lewo, w prawo oraz zawracania na skrzy\u017cowaniu.<\/p><p>10) hamowanie od pr\u0119dko\u015bci co najmniej 50km\/h do zatrzymania pojazdu w wyznaczonym miejscu.<\/p><p>Kandydat ma mo\u017cliwo\u015b\u0107 jednej poprawki tego samego zadania.<\/p><p>Minimalny czas trwania jazdy w ruchu drogowym, pod warunkiem, \u017ce egzaminowany prawid\u0142owo wykona wszystkie zadania <strong>WYNOSI 25 minut<\/strong>.<\/p><p>Osoba egzaminowana uzyskuje wynik:<br \/>&#8211; pozytywny, je\u017celi poprawnie wykona\u0142a zadania egzaminacyjne,<br \/>&#8211; negatywny, je\u015bli dwukrotnie nieprawid\u0142owo wykona\u0142a to samo zadanie egzaminacyjne lub je\u015bli nie panuje nad pojazdem w wystarczaj\u0105cym stopniu, albo jej dalsza jazda zagra\u017ca bezpiecze\u0144stwu ruchu drogowego.<\/p><p>Je\u017celi egzamin zosta\u0142 zdany, nale\u017cy ui\u015bci\u0107 op\u0142at\u0119 w wysoko\u015bci 100,00 z\u0142 &#8211; op\u0142ata za wydanie prawa jazdy,\u00a00,50 z\u0142 &#8211; op\u0142ata ewidencyjna,<\/p><p>Powy\u017csze op\u0142aty nale\u017cy ui\u015bci\u0107 na konto Starostwa Powiatowego w Obornikach<\/p><p>Nr konta : 40 1020 4128 0000 1802 0006 9492<\/p><p>Op\u0142at\u0119 mo\u017cna ui\u015bci\u0107 w dowolnym banku lub Agencji PKO BP S.A. mieszcz\u0105cej si\u0119 w budynku starostwa, pok\u00f3j 025, parter.<\/p><p>Po zdaniu egzaminu dow\u00f3d uiszczenia powy\u017cszych op\u0142at nale\u017cy dostarczy\u0107 do Starostwa Powiatowego w Obornikach, ul. 11 Listopada 2a, 64-600 Oborniki, Wydzia\u0142 Komunikacji i Rozwoju, pok\u00f3j nr 019, parter.<\/p><p>Dostarczenie dowodu wp\u0142aty jest warunkiem wys\u0142ania zam\u00f3wienia na produkcj\u0119 prawa jazdy do Polskiej Wytw\u00f3rni Papier\u00f3w Warto\u015bciowych S.A. w Warszawie.\u00a0\u00a0<\/p><h3><strong>Co zrobi\u0107 je\u015bli nie zdam?<\/strong><\/h3><p><strong>Je\u015bli nie zdam egzaminu teoretycznego<\/strong><\/p><p>Teoretyczny egzamin poprawkowy na Prawo Jazdy kat. B kosztuje 30 z\u0142. + 2 z\u0142 op\u0142ata. Je\u015bli nie zdasz egzaminu teoretycznego, dokonaj stosownej wp\u0142aty i ustal termin kolejnego egzaminu.<\/p><p><strong>Je\u015bli nie zdam egzaminu praktycznego<\/strong><\/p><p>Pozytywny wynik egzaminu teoretycznego jest wa\u017cny bezterminowo. W tym czasie mo\u017cesz podchodzi\u0107 do egzaminu praktycznego dowoln\u0105 ilo\u015b\u0107 razy. Pami\u0119taj jednak, \u017ce ka\u017cdy kolejny egzamin praktyczny podlega stosownej op\u0142acie 140 z\u0142 +2 z\u0142. Musisz te\u017c wzi\u0105\u0107 pod uwag\u0119, \u017ce ze wzgl\u0119du na niejednokrotnie do\u015b\u0107 d\u0142ugi czas oczekiwania na kolejny egzamin praktyczny, warto skorzysta\u0107 z dodatkowych jazd uzupe\u0142niaj\u0105cych.<\/p>\t\t\t\t\t\t\t\t<\/div>\n\t\t\t\t<\/div>\n\t\t\t\t\t<\/div>\n\t\t<\/div>\n\t\t\t\t\t<\/div>\n\t\t<\/section>\n\t\t\t\t<\/div>\n\t\t","protected":false},"excerpt":{"rendered":"<p>GDY NIE ZDASZ EGZAMINU Podstaw\u0105 do uzyskania prawa jazdy jest uzyskanie pozytywnych wynik\u00f3w z egzaminu teoretycznego i praktycznego. EGZAMIN TEORETYCZNY Egzamin teoretyczny na prawo jazdy kategorii B, przeprowadzany jest w Wojew\u00f3dzkim O\u015brodku Ruchu Drogowego przez egzaminatora WORD. Pozytywny wynik egzaminu teoretycznego jest koniecznym warunkiem umo\u017cliwiaj\u0105cym do przyst\u0105pienia egzaminu praktycznego. Rozpoczyna si\u0119 on, od sprawdzenia to\u017csamo\u015bci [&hellip;]<\/p>\n","protected":false},"author":1,"featured_media":0,"parent":0,"menu_order":0,"comment_status":"closed","ping_status":"closed","template":"","meta":{"ocean_post_layout":"","ocean_both_sidebars_style":"","ocean_both_sidebars_content_width":0,"ocean_both_sidebars_sidebars_width":0,"ocean_sidebar":"0","ocean_second_sidebar":"0","ocean_disable_margins":"enable","ocean_add_body_class":"","ocean_shortcode_before_top_bar":"","ocean_shortcode_after_top_bar":"","ocean_shortcode_before_header":"","ocean_shortcode_after_header":"","ocean_has_shortcode":"","ocean_shortcode_after_title":"","ocean_shortcode_before_footer_widgets":"","ocean_shortcode_after_footer_widgets":"","ocean_shortcode_before_footer_bottom":"","ocean_shortcode_after_footer_bottom":"","ocean_display_top_bar":"default","ocean_display_header":"default","ocean_header_style":"","ocean_center_header_left_menu":"0","ocean_custom_header_template":"0","ocean_custom_logo":0,"ocean_custom_retina_logo":0,"ocean_custom_logo_max_width":0,"ocean_custom_logo_tablet_max_width":0,"ocean_custom_logo_mobile_max_width":0,"ocean_custom_logo_max_height":0,"ocean_custom_logo_tablet_max_height":0,"ocean_custom_logo_mobile_max_height":0,"ocean_header_custom_menu":"0","ocean_menu_typo_font_family":"0","ocean_menu_typo_font_subset":"","ocean_menu_typo_font_size":0,"ocean_menu_typo_font_size_tablet":0,"ocean_menu_typo_font_size_mobile":0,"ocean_menu_typo_font_size_unit":"px","ocean_menu_typo_font_weight":"","ocean_menu_typo_font_weight_tablet":"","ocean_menu_typo_font_weight_mobile":"","ocean_menu_typo_transform":"","ocean_menu_typo_transform_tablet":"","ocean_menu_typo_transform_mobile":"","ocean_menu_typo_line_height":0,"ocean_menu_typo_line_height_tablet":0,"ocean_menu_typo_line_height_mobile":0,"ocean_menu_typo_line_height_unit":"","ocean_menu_typo_spacing":0,"ocean_menu_typo_spacing_tablet":0,"ocean_menu_typo_spacing_mobile":0,"ocean_menu_typo_spacing_unit":"","ocean_menu_link_color":"","ocean_menu_link_color_hover":"","ocean_menu_link_color_active":"","ocean_menu_link_background":"","ocean_menu_link_hover_background":"","ocean_menu_link_active_background":"","ocean_menu_social_links_bg":"","ocean_menu_social_hover_links_bg":"","ocean_menu_social_links_color":"","ocean_menu_social_hover_links_color":"","ocean_disable_title":"on","ocean_disable_heading":"default","ocean_post_title":"","ocean_post_subheading":"","ocean_post_title_style":"","ocean_post_title_background_color":"","ocean_post_title_background":0,"ocean_post_title_bg_image_position":"","ocean_post_title_bg_image_attachment":"","ocean_post_title_bg_image_repeat":"","ocean_post_title_bg_image_size":"","ocean_post_title_height":0,"ocean_post_title_bg_overlay":0.5,"ocean_post_title_bg_overlay_color":"","ocean_disable_breadcrumbs":"default","ocean_breadcrumbs_color":"","ocean_breadcrumbs_separator_color":"","ocean_breadcrumbs_links_color":"","ocean_breadcrumbs_links_hover_color":"","ocean_display_footer_widgets":"default","ocean_display_footer_bottom":"default","ocean_custom_footer_template":"0","footnotes":""},"class_list":["post-123","page","type-page","status-publish","hentry","entry"],"_links":{"self":[{"href":"https:\/\/osk-ar.pl\/index.php\/wp-json\/wp\/v2\/pages\/123","targetHints":{"allow":["GET"]}}],"collection":[{"href":"https:\/\/osk-ar.pl\/index.php\/wp-json\/wp\/v2\/pages"}],"about":[{"href":"https:\/\/osk-ar.pl\/index.php\/wp-json\/wp\/v2\/types\/page"}],"author":[{"embeddable":true,"href":"https:\/\/osk-ar.pl\/index.php\/wp-json\/wp\/v2\/users\/1"}],"replies":[{"embeddable":true,"href":"https:\/\/osk-ar.pl\/index.php\/wp-json\/wp\/v2\/comments?post=123"}],"version-history":[{"count":15,"href":"https:\/\/osk-ar.pl\/index.php\/wp-json\/wp\/v2\/pages\/123\/revisions"}],"predecessor-version":[{"id":245,"href":"https:\/\/osk-ar.pl\/index.php\/wp-json\/wp\/v2\/pages\/123\/revisions\/245"}],"wp:attachment":[{"href":"https:\/\/osk-ar.pl\/index.php\/wp-json\/wp\/v2\/media?parent=123"}],"curies":[{"name":"wp","href":"https:\/\/api.w.org\/{rel}","templated":true}]}}